/2 + 3*u**2/2 - 61*u - 21. Let b(k) be the first derivative of l(k). What is b(3)?
-6
Let w(r) be the first derivative of -r**4/4 - 16*r**3/3 - r**2/2 - 17*r + 2. Suppose 4*z = -4*f - 9 - 27, 0 = 4*f - 28. What is w(z)?
-1
Suppose 17*z - 121*z = 520. Let m(u) = 5*u + 17. Give m(z).
-8
Let m(w) be the second derivative of -w**5/60 - w**4/4 - 7*w**3/6 - 185*w**2/2 + 4*w - 2. Let a(d) be the first derivative of m(d). Determine a(-3).
2
Let c(y) = 4*y**3 + 5*y**2 - 4*y + 1. Let p(n) = -4*n**3 - 6*n**2 + 4*n - 2. Let k = 512 - 516. Let s(x) = k*p(x) - 5*c(x). Calculate s(-2).
23
Let s(j) = -16*j + 74. Suppose -20 = 18*z - 22*z + 4*t, -4*t = 4*z - 20. Give s(z).
-6
Let f(s) = 6*s**2 + 26*s + 2. Let p be (-18)/5 - 3/((-195)/(-26)). Determine f(p).
-6
Suppose 3*m - 2*z = 164, 0*m + 4*z = -2*m + 88. Let b = -41 + m. Let x(p) = p - 16. Let j be x(b). Let d(q) = q**2 + 6*q + 6. Determine d(j).
1
Let m(u) = 2*u + 10. Let f(y) = y**2 - 20*y + 83. Let s be f(19). Suppose 15*a - s = -184. What is m(a)?
-6
Let v(j) be the first derivative of 1/2*j**2 + 2 + 2*j**3 + 6*j + 1/4*j**4. Let n(r) = r**2 + 6*r - 13. Let w be n(-7). Calculate v(w).
0
Let l(s) = -4*s**2 + 2*s + 2. Let q(j) = -7*j - 19. Let p be q(0). Let x = -17 - p. Calculate l(x).
-10
Let i(p) = -6 - 8*p**2 - 3 + 10*p - p**3 - 4*p. Let b(j) = -j**3 + 18*j + 18. Let s be b(-1). Let x be (-5 - -8)*-1*s*3. Calculate i(x).
18
Let b(l) = -19*l + 89*l**3 + 0*l**2 + 4 + 8*l**2 - 48*l**3 + 2*l**2 - 42*l**3. Determine b(8).
-20
Let v(z) = z + 7. Suppose 129 = 3*m + 24. Let y = 2655 - 2624. Let n = y - m. Calculate v(n).
3
Let s(t) = 4 + t + 4*t - t. Let i(n) = n**3 + 36*n**2 + 303*n + 86. Let k be i(-23). What is s(k)?
-20
Let v be 0/6*2/(-6). Suppose v = -2*w + 4*a + 10, -2*w + 5*a = -6*w + 20. Suppose -w*g = -32 - 3. Let r(c) = -2*c + 8. Give r(g).
-6
Let j = -134 + 264. Let d = -92 + j. Let y = -41 + d. Let t(u) = u**3 + 2*u**2 - 4*u. Calculate t(y).
3
Let o(x) = -1 + 30*x**2 + 3 + 2*x - 22*x**2 - 3 - 24*x**2. Suppose 3*g + 2 - 5 = 0. Calculate o(g).
-15
Let t(g) = -53*g - 4*g**2 - 2*g**2 + 11 - 3*g**2 + 10*g**2 + 43*g. Determine t(8).
-5
Let r(t) be the third derivative of t**4/8 - t**3/6 + t**2. Let l = -84 + 19. Let p = l + 64. Determine r(p).
-4
Let x(k) = 3*k - 5. Let m(q) = -8*q**3 - q**2 + 5*q - 2. Let u(z) = -9*z**3 - z**2 + 6*z - 3. Let f(n) = 4*m(n) - 3*u(n). Let l be f(-1). What is x(l)?
4
Let v(z) = 345 - 2*z**2 - 2*z**2 - 357 - 14*z + 3*z**2. Calculate v(-2).
12
Let l(y) = -y**2 + y + 2. Let c = 5199 + -5195. Calculate l(c).
-10
Suppose -143 + 199 = 7*b. Let h(y) = y - 6. Let d(t) = -t + 6. Let o(g) = 5*d(g) + 6*h(g). Determine o(b).
2
Suppose -20*w + 70 - 41 + 51 = 0. Let m(j) = j**2 + 7*j - 50. Give m(w).
-6
Let k(m) = -4*m + 3. Let i(w) = 15*w - 12. Let h be -12*4/(-28) + 2/7. Let g be (-1)/2*h + 23. Let p(f) = g*k(f) + 6*i(f). What is p(7)?
8
Suppose -5*o - 5 = 5*r - 25, 0 = -3*r - 9. Let z(d) = 2*d**2 - 19*d - 10. Let u(l) = l**2 - 10*l - 5. Let j(m) = o*u(m) - 4*z(m). Calculate j(8).
-11
Let j(b) = b**3 + 6*b**2 + 6*b + 8. Let n be j(-5). Suppose 10 = -n*k + 1. Let v(c) be the third derivative of c**5/20 + c**4/6 - 2*c**2 - 82*c. Give v(k).
15
Let a(u) = 19*u**2 - 2*u - 1. Let r be (-2 - 8/(-7))/(66/(-462)). Let w be (8/(-12))/(r/(-27)*-3). Calculate a(w).
20
Suppose 0 = -7*l - 77 + 35. Let z(j) = -j**3 + 6*j**2 + 5*j + 17. Let x be z(7). Let r(d) = -3*d + x*d**2 + 8 + d**3 + 2*d**2 - 3*d - d. Determine r(l).
14
Let r(u) = 5*u**2 + 8*u - 8. Let c(f) = -f**2. Let z(b) = 4*c(b) + r(b). Let o(d) = -49*d - 2458. Let g be o(-50). Give z(g).
-8
Let l(c) = -3*c + 104. Let m(i) = i - 35. Let v(r) = 3*l(r) + 8*m(r). Give v(21).
11
Let y(s) = -29*s**3 - 34*s**2 + 82*s - 38. Let m(l) = -52*l**3 - 66*l**2 + 164*l - 77. Let v(g) = 5*m(g) - 9*y(g). What is v(20)?
-3
Let y(k) be the third derivative of -k**5/20 + k**4/24 - 19*k**3/6 + 31*k**2 - 46*k. Give y(0).
-19
Let k be 10*(-7)/84*-6. Suppose 0 = 2*w - k*f + 22, 0 = -66*w + 61*w - 2*f + 3. Let c(s) = -16*s - 1. What is c(w)?
15
Let w(m) = -2*m**2 - m. Let d(j) = j**3 + 4*j**2 + 2*j - 2. Let y(o) = -d(o) - 2*w(o). Suppose 0 = -12*q - 910 + 214. Let h = 60 + q. Determine y(h).
-6
Let u be (-24)/60 + (-17)/(-5). Suppose -u*d = -6*d + 72. Suppose 23*i = d*i - 8. Let f(b) = b**3 - 8*b**2 - 2*b + 4. Calculate f(i).
-12
Let p(l) = -4*l**2 - 6*l - 246 + 2*l**2 + 244. Let o = 19 - 20. Let f be -1 - (-1 - 4/o). Determine p(f).
-10
Let a(d) = d**2 + 5*d + 1. Let g(r) = -2*r**2 - 5*r - 2. Let o be 4/((-18)/81 - 14/(-144)). Let l = 29 + o. Let c(w) = l*a(w) - 2*g(w). What is c(3)?
-5
Let k(h) = -9*h + 8. Let r be 0/(-3 + 1)*1/2. Let m be k(r). Let v(a) = 0*a + 87 - a - 82 + 0*a. Calculate v(m).
-3
Let d(h) = h**3 + 6*h**2 - 6*h + 2. Let z = -621 - -625. Suppose -5*j = -3*v - 46, 0*j - z*j = -20. Calculate d(v).
-5
Let q(r) be the third derivative of -r**5/20 + r**4/24 - r**3/3 + 6*r**2. Let b = -28937 - -28938. What is q(b)?
-4
Let a(r) = -r**3 + 35*r**2 + 4*r - 144. Let c = 15358 + -15323. Determine a(c).
-4
Let b(p) = -8*p**2 - 79 + p**3 + 152 - 72. Calculate b(8).
1
Suppose 223 - 47 = 22*r. Suppose 0 = 2*z - 4*n + 12 + 6, 4*z - n = -r. Let y(d) = 9*d**2 + d + 1. What is y(z)?
9
Suppose 0 = -4*z + 2*z + 680. Suppose 4*o - 2*m - 278 = 0, 3*o + 5*m - z = -2*o. Let q = -74 + o. Let i(f) = -f**3 - 6*f**2 - 6*f - 4. Calculate i(q).
1
Let i(g) = g**2 + 5*g - 8. Let d(b) = -b**3 + b**2 + 7*b + 1. Let w be d(3). Let x be -1 - (w/(-4) - 3). Let s be 0 + -11 - (-1 - x). Determine i(s).
6
Let d(r) = r**3 - 12*r**2 + 21*r - 8. Let x be d(10). Let y(w) = -5*w**3 + 8*w**3 + 0*w - 7*w + 11*w + 11 - 15 - 4*w**2. Calculate y(x).
12
Let g(f) be the first derivative of -15 + 14*f - 5*f**2 - 1/6*f**3. Let a(d) be the first derivative of g(d). Calculate a(-5).
-5
Let o(v) = 2*v**2 - 9*v + 4. Let w(h) be the first derivative of -h**3/3 + h**2/2 + h + 23. Let i(x) = o(x) + 3*w(x). What is i(-7)?
0
Let m(k) = -7*k + 3*k - 14 + 0 + 0. Let v be m(-5). Let a(q) = v - 2 + 3*q - 1. Determine a(-3).
-6
Suppose 4*j = -0*j. Let l(d) be the first derivative of 0*d**3 - 1/2*d**2 + 33 - 1/4*d**4 - 3*d. Determine l(j).
-3
Let v(x) = 21*x + 33. Let g(u) = -32*u - 50. Let j(o) = -5*g(o) - 8*v(o). Let l be j(-2). Let q(w) = -11*w - 4 + w**l + 21*w - 12*w. Give q(5).
11
Let v(r) = -1 - r + 0 - 3*r. Let x be (-5)/((-500)/600 - (-10)/(-12)). Give v(x).
-13
Let h = -4102 - -4119. Let u(j) = j**3 - 19*j**2 + 34*j + 4. What is u(h)?
4
Let w = -1148 + 1155. Let u(p) be the first derivative of -p**5/60 + 3*p**4/8 + p**3/3 - p**2/2 - 1. Let o(r) be the second derivative of u(r). Give o(w).
16
Let z(y) = y**3 + 17*y**2 + 16*y - 35. Let g be z(-16). Let p = g + 67. Let a = p + -41. Let q(v) = v**3 + 9*v**2 + 4. Give q(a).
4
Let a(k) = k**2 - 5. Let x be a(-3). Let l(r) = 3*r**3 + 3*r**2 - 8*r - 3. Let h(c) = -7*c**3 - 7*c**2 + 18*c + 7. Let w(v) = x*h(v) + 9*l(v). Give w(-1).
1
Let o(j) = -2*j**3 - 9*j**2 - 7*j + 9. Let r be -1*(9 + (-34 - -36) + -9 + 2). Determine o(r).
21
Let a be 1/(-5) - 48/(-15). Let t(f) = -3 + 4*f - f**3 - a*f**2 + 4*f**2 + 0*f**2. Let z(n) = 407*n + 12619. Let w be z(-31). Determine t(w).
1
Let u(n) be the third derivative of -13*n**4/24 + 2*n**3/3 - 3*n**2 + 51*n - 22. Give u(-12).
160
Suppose 5*q + 7 - 62 = 0. Let d(a) = -a**3 + 8*a**2 + 33*a - 5. Let y be d(q). Let f(w) = -4*w - 12. What is f(y)?
8
Let s(m) = -2*m - 5. Let k = 170 - 151. Let w(j) = 2*j**2 - 40*j + 33. Let b be w(k). What is s(b)?
5
Let i(s) = s**2 + s + 1. Let j be -2 + (-3 + -1 - -1). Let b be (25/j)/5*6/(-2). Suppose -5*x = 5*l + 25, x + l - 4*l = b. Calculate i(x).
7
Suppose -c + 58 = -0*c - 4*k, -160 = -4*c - 2*k. Let g(z) = -6*z**2 - 3*z + 20. Let v be g(3). Let l = v + c. Let q(y) = 11*y + 1. What is q(l)?
-10
Let x(g) = 3*g + 31. Let j be x(-7). Let v(t) be the third derivative of -t**4/24 - t**3/6 - 50*t**2. Determine v(j).
-11
Let o(i) = -2*i**2 + 15*i + 2. Let x be o(8). Let t = -2 - -6. Let f(s) = 6*s**2 + s**3 + 8 + 5*s - 3 - t*s + 0*s. What is f(x)?
-1
Let l(r) = 2*r**2 - 31*r - 15. Let h(b) = -b**3 + 4*b**2 + 11*b - 25. Let g be h(5). Let a be -12*(-7)/4 - g. Calculate l(a).
1
Let a(h) = h**2 - h - 1. Let g(w) be the third derivative of w**6/120 + w**5/60 - w**4/2 + 17*w**3/6 - 2*w**2 - 40. Let 